 be c(4). Let t(w) = -2*w**2 + 4*w - 1. Determine t(a).
-7
Let l be (-26)/(-7) - 14/(-49). Let s(a) = -a**3 + 4*a**2 + 2*a - 5. Let f be s(l). Let c(h) = 2*h**2 - 4*h - 1. Determine c(f).
5
Let t(y) = -y**2 + 9*y - 8. Let b be t(7). Let f(z) be the first derivative of -1 - 1/3*z**3 + z + 3*z**2. What is f(b)?
1
Let h(u) = -u**2 + 3*u + 4. Suppose 5*z + 13 = 53. Let l be (-1 - 4/z)*-2. Give h(l).
4
Let o(l) be the second derivative of l**2 + 0 - 3*l + 1/12*l**4 + l**3. Determine o(-6).
2
Let v(g) be the second derivative of -g**4/12 - 5*g**3/6 - 3*g**2 + g. Suppose 3*r + 7 = -11. Determine v(r).
-12
Let b(z) be the third derivative of z**6/120 - z**5/12 - z**4/4 - z**3/6 - 26*z**2. Determine b(6).
-1
Let a(d) be the third derivative of 0*d + 1/6*d**3 + 4*d**2 + 0 + 1/30*d**5 + 1/4*d**4. What is a(-4)?
9
Let u(o) = 2 + 9*o + 0 - 8*o. Calculate u(2).
4
Let a(d) be the second derivative of d**3/6 + d**2/2 + 6*d. Calculate a(-1).
0
Suppose 55 - 313 = -5*c + 2*q, -5*c + 262 = 2*q. Let i be 60/c + (-4)/26. Let r(t) = -3 + t + 6 - 2 + i. What is r(-2)?
0
Let h(s) be the second derivative of 0 + 1/6*s**3 + 0*s**2 - 3/20*s**5 + 6*s + 1/6*s**4. Give h(-1).
4
Suppose 7 = -3*a - 5*h, 3*a + 0*h - 2*h - 28 = 0. Let m(x) = 8*x**3 + x**3 - 2*x**3 - a*x**3 + 6*x - 7*x**2 - 3. What is m(6)?
-3
Let j(o) = o**3 + 3. Let s be (3 + -1)/(1*-1). Let n = s - 2. Let q = n - -4. Determine j(q).
3
Let d(l) = l. Let w(f) = 3*f. Let i(a) = -5*d(a) + 2*w(a). Give i(-6).
-6
Let p(j) = 6*j + 1. Suppose 0*b = 2*b + 6. Let a be 1*3/b*1. Calculate p(a).
-5
Let y(f) = -1 + f**2 + 1 - 6*f. Determine y(6).
0
Let n(a) = a. Let z(o) = -o**3 + 2*o**2 - 3*o + 1. Let k = -2 + -10. Let q be (3/9)/((-2)/k). Let g be z(q). Calculate n(g).
-5
Let n(v) = -v**3 + 20*v**3 - 1 + v**2 - 350*v + 351*v. Calculate n(1).
20
Suppose 3*n + 4*y - 1 = -0*n, 7 = 5*n + 4*y. Let a(h) = h**3 - 3*h**2 + h + 4. Calculate a(n).
7
Let h be (-4)/8 - (-1)/2. Let z = h + -2. Let s(w) = -w**3 - 4*w**2 - 2*w + 1. Determine s(z).
-3
Suppose -6 = -4*h - 3*i + 3, -4*h - 5*i + 7 = 0. Let r(o) = -o**3 + 3*o**2 + o - 1. Calculate r(h).
2
Let g(n) be the third derivative of n**4/24 - 2*n**3/3 - 2*n**2. Let f be g(5). Let c be (3/(-3))/(f - 0). Let u(a) = -7*a**3 - 2*a**2 - a. Calculate u(c).
6
Suppose -2 + 8 = -3*z. Let i = z - 2. Let p(x) = -x - 7. Let s(j) = 6. Let y(h) = i*p(h) - 5*s(h). Calculate y(2).
6
Let i be (-3 + 0)*(-20)/(-12). Let m(h) = h**3 + 4*h**2 + h + 7. Determine m(i).
-23
Suppose 0 = -q - 2 + 8. Let v(t) = -2 - 3 + 3*t + t**3 + 3*t - q*t**2. Calculate v(5).
0
Let u(h) = -h**2 - h. Let b(n) = -n**2 - 8*n + 1. Let o(j) = b(j) - 2*u(j). Suppose 10 + 20 = 5*s. What is o(s)?
1
Suppose -20 = -4*k + 20. Let v(p) = p**2 - 9*p - 3. Give v(k).
7
Suppose -3*s + 4*s + 3 = -3*y, -2*y + 9 = -3*s. Let m = 2 + s. Let w(g) be the second derivative of g**5/4 + g**2/2 - g. Give w(m).
-4
Let h(m) be the second derivative of 1/2*m**2 + 0 + 5*m - 1/6*m**3. Calculate h(-4).
5
Let s(d) = d**3 - 5*d**2 + 6. Let g be s(5). Let n(q) = q**3 + 5 - 14843*q - 2*q**3 + 5*q**2 + 14851*q + 0*q**3. Determine n(g).
17
Suppose 4*n + 3 = -5. Suppose 0 = -z - 0*z + 5*k - 14, 13 = z + 4*k. Let q(s) = s + 2*s**3 + z - 1 + 3*s**2. Give q(n).
-6
Let x(f) = -25*f**3 - 21*f**2 - 11*f - 6. Let k(l) = -5*l**3 - 4*l**2 - 2*l - 1. Let v(j) = -11*k(j) + 2*x(j). Calculate v(1).
6
Let y(r) = r**3 + 8*r**2 + 5*r - 2. Let v(x) = -x**2 - x. Let j(o) = -6*v(o) - y(o). What is j(2)?
-12
Let b(j) = j**3 - j**2 + 1. Let n = -21 - -22. Let w(h) = -9*h**3 + 4*h**2 - 2*h - 3. Let x(q) = n*w(q) + 4*b(q). Determine x(1).
-6
Let a(m) = -5*m**3 + 7*m**2 - 6*m + 5. Let q(s) = -s**3 - s + 1. Let r(i) = a(i) - 6*q(i). Let l be r(-7). Let c(d) = 10*d**2. What is c(l)?
10
Suppose t + 2*s = -3, -2*s - 10 + 1 = -5*t. Let w(n) = 2*n - t - 2*n - n - 2. What is w(0)?
-3
Let u(j) = -15 + j + 13 - 3*j - 2*j. Give u(-4).
14
Let q = 6 - 4. Let p(b) = -2*b**2 - 4*b - q + 0*b + 3*b. Let r be 18/(-8) - (-6)/24. What is p(r)?
-8
Suppose 4*f - 48 = 10*f. Let n(b) = b + 4. What is n(f)?
-4
Let u be 2/(-8) - (-2)/8. Let a(r) = -r - 5. Let j be a(-6). Let m(w) = 3*w**2 + 3. Let s(y) = y**2 + 1. Let i(x) = j*m(x) - 4*s(x). Give i(u).
-1
Let g(u) = -u**3 + 5*u**2 - u - 4. Let i be g(5). Let c = i + 4. Let j(f) = -f + 1. What is j(c)?
6
Let f(j) be the third derivative of 0*j + 1/60*j**5 - 7*j**2 - 1/24*j**4 + 0 - 2/3*j**3. What is f(0)?
-4
Let j(v) = 4*v. Let t(c) = -2*c + 7. Suppose -6*r = -r - 25. Let f be t(r). Let i = 4 + f. What is j(i)?
4
Let p(n) = -11*n**3 - 6*n**2 + 4*n + 2. Let x(r) = -5*r**3 - 3*r**2 + 2*r + 1. Let g(l) = 4*p(l) - 9*x(l). Suppose -7 - 5 = 3*k. Calculate g(k).
-9
Let f(z) = z**2 + 5*z - 1. Let y(g) = -g**2 - 5*g. Let t be y(-5). Suppose v - 5*v - 16 = t. Give f(v).
-5
Let x(n) = -9*n**2 + n. Let k = 0 + 3. Suppose -k*z + 4*z - 5 = 0. Suppose -d + 9 = 3*d - 5*l, 2*d + z*l + 3 = 0. Calculate x(d).
-8
Let s(j) = -j**2 - j + 9. Suppose r = -2*r. Determine s(r).
9
Let v(d) be the first derivative of d**4/4 + 7*d**3/3 - 4*d**2 - 3*d - 35. Give v(-8).
-3
Let v(u) be the third derivative of -u**6/120 - u**5/10 - u**4/3 - u**2. Let a(n) = n. Let t(l) = 3*a(l) + v(l). Give t(-5).
0
Let c(o) be the second derivative of -2/3*o**3 + 0*o**4 - 2*o**2 + 1/60*o**5 - 3*o + 0. Let b(n) be the first derivative of c(n). Calculate b(0).
-4
Let o(t) = t + 9. Let u be o(-5). Let s be (-13)/u - (-15)/(-20). Let z(y) = 0*y**2 + 0*y - 1 - 5*y**2 - y**3 - 2*y. Give z(s).
-9
Let n(u) be the second derivative of 7*u**3/6 - 6*u. What is n(-2)?
-14
Let q(b) = -9*b**2 - b - 13 - 15 + 28. Determine q(-1).
-8
Let j(m) = 4*m**3 + m**2 + 11*m + 9. Let g(a) = -2*a**3 - 5*a - 4. Let y(c) = 7*g(c) + 3*j(c). Give y(2).
-9
Let v(o) be the third derivative of 1/120*o**6 + 0*o - 1/12*o**5 + 1/12*o**4 + 1/3*o**3 + 0 - o**2. What is v(3)?
-10
Let m(x) = 6*x + 8*x + 1 - 29*x - 2*x. Calculate m(1).
-16
Let w(g) = -g**3 - 3*g**2 + 3*g - 3. Suppose 6*q = q + 10. Let x(t) = 8*t. Let y be x(q). Let k be (3/(-2))/(6/y). Calculate w(k).
1
Let f(s) = 3*s**3 + 2*s**2 - 6*s - 9. Let z(q) = 16*q**3 + 9*q**2 - 30*q - 46. Let i(c) = -11*f(c) + 2*z(c). What is i(-5)?
2
Let w be -3 - (-9 - (-4 - -1)). Let b(j) = j + 4. Calculate b(w).
7
Let m be (21/(-15))/((-1)/5). Let d = m - 5. Let g be ((-2)/(-4)*d)/1. Let t(j) = -8*j + 1. Determine t(g).
-7
Let y(f) = 0*f**2 - 1 - 2*f**2 + 11*f - 5*f + 3*f**2. Calculate y(-5).
-6
Let j(n) = -6*n + 1. Let c(v) be the first derivative of 3*v**2/2 - v - 5. Let u = 6 - 10. Let w(b) = u*j(b) - 9*c(b). What is w(5)?
-10
Suppose -64*c + 18 = -61*c. Let u(r) = -r**2 + 7*r - 9. Calculate u(c).
-3
Let w(c) = -c**3 - 1. Let r be w(-1). Suppose 0*y - 2*y + 2 = r. Let z(a) = -2*a**2 - 2*a + 1. Determine z(y).
-3
Let k(w) = w**3 + w**2 - 2*w. Suppose -q - 1 - 2 = 0. Calculate k(q).
-12
Let f = 25 + -18. Let u(v) = -v**2 + 8*v - 3. What is u(f)?
4
Let k(r) = r**2 + r + 1. Suppose -2*q - 8 = 3*n, 5*q - 2*n = q. What is k(q)?
1
Let j = -2 + 3. Let i(y) = 6*y**3 + 2*y**2 - y. Determine i(j).
7
Let k(b) = -b**3 + 4*b**2 + 6*b - 6. Suppose -1 = 3*q - 13. Give k(q).
18
Let k(v) = 4*v**2 + 3*v + v**3 + 4*v**2 - 5 - 2*v**2. Let h be k(-5). Let x(a) = 3*a + a**2 - 2 - 1 + h. Determine x(-4).
6
Let u(d) be the third derivative of -d**6/120 + d**5/30 + d**4/6 - d**3/3 - 14*d**2. Give u(3).
1
Let y(r) = 2 + 6 - 4 - r. Let n = 9 + -7. Suppose 3*i + c + 3 = -2*c, -n*c = -4*i + 20. Determine y(i).
1
Suppose -5 = 2*j + 5. Let y(t) = t**3 + 4*t**2 - 6*t - 7. What is y(j)?
-2
Let a(w) = -w**3 - 2*w**2 + w + 6. Let m(k) = k**3 + k**2 - k - 7. Let n = -6 - -9. Let u(f) = n*m(f) + 4*a(f). Calculate u(-5).
-2
Suppose j - 25 = 2*l + 4, -5*j + 138 = -3*l. Let b = 26 - j. Let a(p) = 7*p + 1. What is a(b)?
-6
Let f(g) = 3*g**3 + 0*g**3 - 6 - 7*g**2 + 51*g - 49*g - 2*g**3. Calculate f(7).
8
Suppose 0 = -r + 6*r + 10. Let d(u) = 2*u**2 + 2*u. Give d(r).
4
Let h(z) be the second derivative of -z**3/3 - 3*z**2 - z. Suppose -y - 4 = 1. What is h(y)?
4
Let g(l) = 11*l - 5 + 1 - 8*l**2 + 9 - l**3 + 8. Let u be g(-9). Let f(j) = j + 11. What is f(u)?
6
Let r(y) = -3*y**3 + 18*y**2 - y - 11. Let p(c) = -c**3 + 6*c**2 - 4. Let b(m) = -11*p(m) + 4*r(m). What is b(5)?
5
Suppose -5*o - 1 = -2*b + 3*b, 5*b - 73 = o. Suppose 5*i + b + 16 